= 85866*a + 64. What is the units digit of w(1)?
0
Suppose 118*y = 125*y - 35. Suppose -22*u = -2*m - 20*u + 2958, -y*m + 7388 = 2*u. What is the units digit of m?
8
What is the tens digit of ((-305)/3 + 3)*(-5661)/204?
3
Let g be (-29)/(-2) - (45/6 + -9). Suppose -g*p - 15*p = -13950. What is the tens digit of p?
5
Let u be 812/56 - (-1 + (-1)/(-2)). What is the units digit of u/(-30) - 157/(-2)?
8
Let p(q) = -q**3 + 23*q**2 + 49*q - 39. Let b(x) = x**3 - 16*x**2 + 2*x - 9. Let l be b(16). What is the hundreds digit of p(l)?
0
Let z = -5933 + 10818. What is the thousands digit of z?
4
Let h(c) = 15*c + 172. Let n(q) = 4*q + 43. Let o(s) = -2*h(s) + 9*n(s). Let v(x) = 5*x + 43. Let r(f) = -4*o(f) + 5*v(f). What is the units digit of r(-24)?
9
Suppose o + 0 = -3*f + 11, 0 = -4*o - 2*f + 44. Suppose -o*u + 7*u = -12. Suppose 0*z + u*z - 552 = 0. What is the tens digit of z?
8
Suppose -12798 = -a - 5*h + 17704, 5*h = 5*a - 152480. What is the thousands digit of a?
0
Suppose -21 = -11*k + 67. Let i(q) = -10*q - k*q - 11 - 11*q. What is the units digit of i(-5)?
4
Let m(b) = 3*b**2 - 72*b + 112. Let k be m(29). Let g = 562 + k. What is the units digit of g?
9
Suppose -2*m - 2*p + 42 = 0, -2*p - 2*p = 2*m - 48. What is the tens digit of 6/30 + m/(-15) - -657?
5
Suppose 4*a + 16 = -0. Let q(z) = z**2 + 4*z - 1. Let p be q(a). What is the units digit of 20/10 + (198*p)/(-3)?
8
Let i = 2275 - 1015. What is the tens digit of (28/(-8))/((-6)/i)?
3
Let r(x) = -30*x**2 + 4*x - 11. Let l(o) = -30*o**2 + 3*o - 11. Let z(q) = -4*l(q) + 3*r(q). What is the hundreds digit of z(-3)?
2
Suppose 0 = r + j - 20, 24 = 2*r - 2*j - 0*j. Suppose r - 365 = -k - 3*c, -c = -3*k + 1027. What is the hundreds digit of k?
3
Let f(l) = 1261*l**2 + 542*l + 2134. What is the units digit of f(-4)?
2
Suppose -169376 - 143293 = -20*h + 113991. What is the hundreds digit of h?
3
Let q(h) = 4*h**2 - 75. Let i(c) = 6*c**2 + c - 150. Let r(u) = -4*i(u) + 9*q(u). What is the tens digit of r(8)?
6
Let n be (-2 - 42/(-9))*3. Suppose 0 = 4*s - n, -j + 5*s = 3*j - 198. What is the units digit of 162/39 - 8/j - -24?
8
What is the tens digit of 31/(-84) - 2/(-7) - (-301445830)/9480?
9
Suppose 5*h + 20 = 0, -3*u - 5*h + 8638 + 705 = 0. What is the thousands digit of u?
3
Suppose 25*p = 22*p. Suppose 0 = 4*a + 5*l - 731, p*a + 5*l = a - 189. What is the hundreds digit of ((-11)/(110/a))/((-2)/15)?
1
Suppose -4*h = -7*x + 8*x - 755, -5*x + 3865 = 2*h. Let l = -452 + x. What is the tens digit of l?
2
Let d = 3310 + -2767. What is the tens digit of d?
4
Suppose 3989 = 5*m - 2376. Suppose m = 3*d + 166. What is the units digit of d?
9
What is the units digit of (22 - 34) + (0 - 45677/(-1))?
5
Let l be 5 - 2/(-4)*(-33 + 33). Let c(w) = 3*w**2 + 0*w**3 - w**3 + 9*w + 10 + 0*w + 5. What is the tens digit of c(l)?
1
Suppose -2*f = -0*d + 3*d - 1, -d - 3 = -f. Suppose 3*s - 9 = 3, -f*h + 3830 = s. What is the tens digit of h?
1
Suppose 0 = 18*x - 11*x - 1596. Let a(v) = -71*v - 2. Let k be a(1). Let m = x + k. What is the hundreds digit of m?
1
Suppose -51*j - 148371 = -221417 - 563893. What is the tens digit of j?
8
Let a be ((-5)/(-2) - 1)*(-13280)/(-120). Let n = 187 - a. What is the units digit of n?
1
Let j be 135/19 - 30/285. Suppose 0 = -2*x - 2*a + 956, 2*x - 3*a = -j*a + 950. What is the units digit of x?
1
Let d be 1/(15/(-66))*-5. Suppose -d*i - 5*i + 3321 = 0. What is the units digit of i?
3
Suppose -22*n - 1176628 = -217*n - 126943. What is the hundreds digit of n?
3
Let d be 12 - 2/(-1)*385/110. Let u be (-4)/(-10) + 723/5. Suppose 0 = -4*c + d + u. What is the tens digit of c?
4
Let m = 62 + -32. Suppose -12*h = -m - 18. What is the tens digit of (39 - 4)*h/4?
3
Let b(z) = -2*z + 103. Let l be b(12). Suppose -957 = l*n - 90*n. What is the tens digit of n?
8
Let t = -1352 - -1530. Let g(f) = -3*f - 2. Let y be g(-4). Let x = y + t. What is the units digit of x?
8
Suppose -2*n = 2, -2*b - 4*n + 63 = -1631. Suppose 3*y + 5*s = 4404, b = y + 4*s - 612. What is the units digit of y?
3
Let b = -4298 + 17864. What is the units digit of b?
6
Let f be 0 - -10 - (8 + -6). What is the units digit of (-816)/(-9) - f/12?
0
Let n(j) = -j**3 - j**2 + 7*j - 11. Let v be n(-5). Let g = -63 + 127. What is the units digit of v*1*288/g?
3
Let g(d) = 0*d + 2*d - 9*d**2 + 10 - 4 + 6*d - 2*d**3. Suppose -1 = -h + 3*v - 22, 0 = -5*h - 5*v - 5. What is the units digit of g(h)?
6
Let h be ((-26)/2 - 2)/(4/(-1096)). Suppose 43*o = 53*o - h. What is the hundreds digit of o?
4
Let f be (-568)/(-22) - (-42)/231. Let v(h) = -f*h**2 + 7*h + 52*h**2 - 12 - 25*h**2. What is the tens digit of v(3)?
1
Suppose 2*d = -5*x - 220 + 611, 0 = -x + 1. What is the units digit of d?
3
Let r = 753 + -511. Let g be r/(-4) - 3/18*9. Let q = 99 - g. What is the units digit of q?
1
Let a = 16727 - 13269. What is the units digit of a?
8
Let r(p) = -17*p + 236. Let d be r(-18). Suppose 2*u - 18 = d. What is the units digit of u?
0
Suppose 4*g - 7074 = 2*w, -5*g + 3*w + 1314 + 7529 = 0. Suppose 0 = -n - x + 452, 3*n - g = -n + 4*x. What is the hundreds digit of n?
4
Suppose c + 3*c - 16 = 0. Suppose 0 = -c*v - 5*r - 11, -r + 66 = -5*v + 16. What is the units digit of (-12)/54 - 1712/v?
0
Suppose 82*w - 84*w = 2*t - 2756, -4*w = 2*t - 5522. What is the units digit of w?
3
Let f be -4 + 7 - (258/(-3))/2. Let l(n) = 3*n**2 + n**2 - 5*n**2 + f + 2*n**2 - 2*n. What is the units digit of l(0)?
6
Let s(p) = -p**2 + 6*p - 5. Let z be s(7). Let o be (-2)/(-8) - 141/z. Let r = 17 + o. What is the units digit of r?
9
Let d(o) = 1130*o**3 + 4*o**2 - o + 16. What is the units digit of d(3)?
9
Let m = -21 - -29. Let j be (9 + (2 - 7))*18/m. Suppose -3*g = -0*g + j, -4*t + 527 = 3*g. What is the units digit of t?
4
Suppose -110*i - 30108 = -4*b - 114*i, 3*b - 22583 = -2*i. What is the hundreds digit of b?
5
Suppose 8 = 9*f - 5*f. Let h(q) = -9*q**3 + 2*q + 1. Let j be h(f). Let c = j - -112. What is the tens digit of c?
4
Let o be (-1)/2*-4 + -3. Let g(m) = 6*m - 2. Let r(f) = -6*f - 17. Let i(t) = -3*g(t) + r(t). What is the units digit of i(o)?
3
Suppose w - 5 = 3*a - 5*a, 0 = -2*a + 4*w. Let q be ((-60)/(-70))/(a/168). What is the tens digit of -1 + q + 15/5?
7
Let t(m) = 75*m - 64. Let j(f) = -f**3 - 13*f**2 - 12*f + 5. Let x be j(-12). What is the units digit of t(x)?
1
Let f(t) be the first derivative of t**5/20 - 5*t**3/6 - 2*t**2 - 23*t + 10. Let w(q) be the first derivative of f(q). What is the tens digit of w(5)?
9
Let j(w) = -3*w**3 - 65*w**2 - 177*w + 103. What is the units digit of j(-27)?
6
Let s = 4763 + 10507. What is the tens digit of s?
7
Let o = 56 + -103. Let w = -47 - o. Suppose w = 6*x - 162 - 66. What is the tens digit of x?
3
Suppose 3*c = -158 - 118. Let p = c + 48. What is the units digit of 11/(p/(-16)) - -230?
4
Suppose 0*a = a - 27. Suppose -2*n - r + 55 = 0, 0 = -3*n + 6*n - 3*r - 105. Suppose -n = -29*l + a*l. What is the units digit of l?
5
Suppose 24 = 5*j + 44. Let v be (-24)/j - -248 - 2/(-2). Let x = -21 + v. What is the tens digit of x?
3
Let s be (49 - -1)*(-342)/(-12). Suppose 1425 = 6*x - s. Suppose x = -4*r + 1271. What is the units digit of r?
9
Let t(s) = -s**3 + 16*s**2 + 38*s - 34. Let b be t(18). Suppose c + 995 = 4*w - 1452, -5*c + 1251 = b*w. What is the tens digit of w?
1
What is the tens digit of 1/((-2)/(-10958)*(2 - 1))?
7
What is the thousands digit of (-7)/(21/(-9)) + (1 - -4951)?
4
Suppose 2*f + 4*b - 2678 = 0, -3*f + 4563 = b + 561. Suppose f - 241 = 3*d. What is the tens digit of d?
6
Suppose 2559 = 6*r - 13359. Suppose -2*u + 21*a - 25*a + 1050 = 0, 4*a = 5*u - r. What is the hundreds digit of u?
5
Let b(c) = 120*c**2 + 28*c - 5. What is the hundreds digit of b(2)?
5
Let v = 6358 - 3940. What is the units digit of v?
8
Let t(n) = -437*n - 11. Let f = -2 + -1. What is the thousands digit of t(f)?
1
Let l(g) = 171*g**2 + 100*g - 70. What is the ten thousands digit of l(10)?
1
Let s = -108 - -152. Let y = 528 - s. Suppose -3*l = -5*x - 4*l + 806, l = -3*x + y. What is the tens digit of x?
6
Suppose 2*n - 117203 = -5*c, -51*c + 234386 = 4*n - 45*c. What is the units digit of n?
9
Let y = -139 + 204. Let v = 28 + y. What is the units digit of v?
3
Suppose 2*u - 46 = -3*o, -u - 6 = -2. Suppose 18 = -